{"id":1925,"date":"2025-07-08T14:36:25","date_gmt":"2025-07-08T12:36:25","guid":{"rendered":"https:\/\/www.ergobau.it\/?post_type=immobili&#038;p=1925"},"modified":"2026-04-03T09:18:32","modified_gmt":"2026-04-03T07:18:32","slug":"residence-maenia-apartment-1-copy-3","status":"publish","type":"immobili","link":"https:\/\/www.ergobau.it\/de\/immobili\/residence-maenia-apartment-1-copy-3\/","title":{"rendered":"Residence Maenia &#8211; 4 vani Gardenapartment &#8220;Vestis&#8221;"},"content":{"rendered":"<div data-elementor-type=\"wp-post\" data-elementor-id=\"1925\" class=\"elementor elementor-1925\" data-elementor-post-type=\"immobili\">\n\t\t\t\t<div class=\"elementor-element elementor-element-1e3697eb e-flex e-con-boxed e-con e-parent\" data-id=\"1e3697eb\" data-element_type=\"container\" data-e-type=\"container\">\n\t\t\t\t\t<div class=\"e-con-inner\">\n\t\t\t\t<div class=\"elementor-element elementor-element-eea9645 elementor-widget elementor-widget-text-editor\" data-id=\"eea9645\" data-element_type=\"widget\" data-e-type=\"widget\" data-widget_type=\"text-editor.default\">\n\t\t\t\t<div class=\"elementor-widget-container\">\n\t\t\t\t\t\t\t\t\t\n<p>Im Herzen von Nals gelegen und von der warmen Sonne des S\u00fcdwestens gek\u00fcsst, ist die Residence Maenia mehr als ein Haus - sie ist ein Lebensstil, eine einzigartige Erfahrung in Bezug auf Komfort, Nachhaltigkeit und fortschrittliche Technologie.<\/p>\n\n\n\n<p><strong>Au\u00dfergew\u00f6hnliche Eigenschaften:<\/strong><\/p>\n\n\n\n<ol class=\"wp-block-list\">\n<li><strong>1.\u00d6kologische Nachhaltigkeit:<\/strong> Das Geb\u00e4ude der Residence Maenia wird nach den hohen Standards des Klimahaus Nature gebaut, um ein gesundes und nachhaltiges Lebensumfeld zu gew\u00e4hrleisten.<\/li>\n\n\n\n<li><strong>Energieeffizienz<\/strong> : Das hybride Heizsystem, das eine moderne W\u00e4rmepumpe und ein effizientes Gassystem kombiniert, sorgt f\u00fcr optimalen W\u00e4rmekomfort bei gleichzeitiger Reduzierung der Umweltbelastung.<\/li>\n\n\n\n<li><strong>Intelligente Klimatisierung:<\/strong> Jede Wohnung ist mit einem fortschrittlichen Klimatisierungssystem ausgestattet, das in das Hybridsystem integriert ist und zu jeder Jahreszeit f\u00fcr eine k\u00fchle und angenehme Umgebung sorgt.<\/li>\n\n\n\n<li><strong>Fortschrittliche Hausautomatisierung:<\/strong> Wir haben die Hausautomatisierungstechnologie in jeden Winkel der Maenia Residence-Wohnungen eingef\u00fchrt. Sie k\u00f6nnen alle elektrischen Ger\u00e4te in der Wohnung ganz einfach aus der Ferne steuern und so Ihren Raum an Ihren Lebensstil anpassen.<\/li>\n<\/ol>\n\n\n\n<p><strong>Warum sollten Sie sich f\u00fcr die Residence Maenia entscheiden<\/strong><\/p>\n\n\n\n<ul class=\"wp-block-list\">\n<li><strong>Privilegierte Lage:<\/strong> Im Herzen von Nalles wohnen Sie umgeben von der Sch\u00f6nheit der Baudetails und haben Zugang zu allen wichtigen Dienstleistungen nur wenige Schritte von Ihrem Zuhause entfernt.<\/li>\n\n\n\n<li><strong>Raffiniertes Design:<\/strong> Die Wohnungen der Residence Maenia sind mit viel Liebe zum Detail gestaltet und bieten einen eleganten, zeitgen\u00f6ssischen Stil, der sich harmonisch in die Umgebung einf\u00fcgt.<\/li>\n\n\n\n<li><strong>Investition in die Zukunft:<\/strong> Dank der fortschrittlichen \u00f6kologischen und technologischen L\u00f6sungen ist die Residence Maenia eine kluge Investition in Ihre Zukunft.<\/li>\n<\/ul>\n\n\n\n<p><\/p>\n\t\t\t\t\t\t\t\t<\/div>\n\t\t\t\t<\/div>\n\t\t\t\t\t<\/div>\n\t\t\t\t<\/div>\n\t\t<div class=\"elementor-element elementor-element-e655723 e-flex e-con-boxed e-con e-parent\" data-id=\"e655723\" data-element_type=\"container\" data-e-type=\"container\">\n\t\t\t\t\t<div class=\"e-con-inner\">\n\t\t\t\t<div class=\"elementor-element elementor-element-5ccd9a6 elementor-widget elementor-widget-heading\" data-id=\"5ccd9a6\" data-element_type=\"widget\" data-e-type=\"widget\" data-widget_type=\"heading.default\">\n\t\t\t\t<div class=\"elementor-widget-container\">\n\t\t\t\t\t<h2 class=\"elementor-heading-title elementor-size-default\">Aggiungi qui il testo del titolo<\/h2>\t\t\t\t<\/div>\n\t\t\t\t<\/div>\n\t\t\t\t\t<\/div>\n\t\t\t\t<\/div>\n\t\t<div class=\"elementor-element elementor-element-658dade e-flex e-con-boxed e-con e-parent\" data-id=\"658dade\" data-element_type=\"container\" data-e-type=\"container\">\n\t\t\t\t\t<div class=\"e-con-inner\">\n\t\t\t\t<div class=\"elementor-element elementor-element-daacc3e elementor-widget elementor-widget-heading\" data-id=\"daacc3e\" data-element_type=\"widget\" data-e-type=\"widget\" data-widget_type=\"heading.default\">\n\t\t\t\t<div class=\"elementor-widget-container\">\n\t\t\t\t\t<h2 class=\"elementor-heading-title elementor-size-default\">Aggiungi qui il testo del titolo<\/h2>\t\t\t\t<\/div>\n\t\t\t\t<\/div>\n\t\t\t\t\t<\/div>\n\t\t\t\t<\/div>\n\t\t\t\t<\/div>","protected":false},"featured_media":1908,"template":"","class_list":["post-1925","immobili","type-immobili","status-publish","has-post-thumbnail","hentry"],"acf":[],"_links":{"self":[{"href":"https:\/\/www.ergobau.it\/de\/wp-json\/wp\/v2\/immobili\/1925","targetHints":{"allow":["GET"]}}],"collection":[{"href":"https:\/\/www.ergobau.it\/de\/wp-json\/wp\/v2\/immobili"}],"about":[{"href":"https:\/\/www.ergobau.it\/de\/wp-json\/wp\/v2\/types\/immobili"}],"version-history":[{"count":7,"href":"https:\/\/www.ergobau.it\/de\/wp-json\/wp\/v2\/immobili\/1925\/revisions"}],"predecessor-version":[{"id":1969,"href":"https:\/\/www.ergobau.it\/de\/wp-json\/wp\/v2\/immobili\/1925\/revisions\/1969"}],"wp:featuredmedia":[{"embeddable":true,"href":"https:\/\/www.ergobau.it\/de\/wp-json\/wp\/v2\/media\/1908"}],"wp:attachment":[{"href":"https:\/\/www.ergobau.it\/de\/wp-json\/wp\/v2\/media?parent=1925"}],"curies":[{"name":"wp","href":"https:\/\/api.w.org\/{rel}","templated":true}]}}

<div data-elementor-type="wp-post" data-elementor-id="1925" class="elementor elementor-1925" data-elementor-post-type="immobili">
				<div class="elementor-element elementor-element-1e3697eb e-flex e-con-boxed e-con e-parent" data-id="1e3697eb" data-element_type="container" data-e-type="container">
					<div class="e-con-inner">
				<div class="elementor-element elementor-element-eea9645 elementor-widget elementor-widget-text-editor" data-id="eea9645" data-element_type="widget" data-e-type="widget" data-widget_type="text-editor.default">
				<div class="elementor-widget-container">
									
<p>Im Herzen von Nals gelegen und von der warmen Sonne des Südwestens geküsst, ist die Residence Maenia mehr als ein Haus - sie ist ein Lebensstil, eine einzigartige Erfahrung in Bezug auf Komfort, Nachhaltigkeit und fortschrittliche Technologie.</p>



<p><strong>Außergewöhnliche Eigenschaften:</strong></p>



<ol class="wp-block-list">
<li><strong>1.Ökologische Nachhaltigkeit:</strong> Das Gebäude der Residence Maenia wird nach den hohen Standards des Klimahaus Nature gebaut, um ein gesundes und nachhaltiges Lebensumfeld zu gewährleisten.</li>



<li><strong>Energieeffizienz</strong> : Das hybride Heizsystem, das eine moderne Wärmepumpe und ein effizientes Gassystem kombiniert, sorgt für optimalen Wärmekomfort bei gleichzeitiger Reduzierung der Umweltbelastung.</li>



<li><strong>Intelligente Klimatisierung:</strong> Jede Wohnung ist mit einem fortschrittlichen Klimatisierungssystem ausgestattet, das in das Hybridsystem integriert ist und zu jeder Jahreszeit für eine kühle und angenehme Umgebung sorgt.</li>



<li><strong>Fortschrittliche Hausautomatisierung:</strong> Wir haben die Hausautomatisierungstechnologie in jeden Winkel der Maenia Residence-Wohnungen eingeführt. Sie können alle elektrischen Geräte in der Wohnung ganz einfach aus der Ferne steuern und so Ihren Raum an Ihren Lebensstil anpassen.</li>
</ol>



<p><strong>Warum sollten Sie sich für die Residence Maenia entscheiden</strong></p>



<ul class="wp-block-list">
<li><strong>Privilegierte Lage:</strong> Im Herzen von Nalles wohnen Sie umgeben von der Schönheit der Baudetails und haben Zugang zu allen wichtigen Dienstleistungen nur wenige Schritte von Ihrem Zuhause entfernt.</li>



<li><strong>Raffiniertes Design:</strong> Die Wohnungen der Residence Maenia sind mit viel Liebe zum Detail gestaltet und bieten einen eleganten, zeitgenössischen Stil, der sich harmonisch in die Umgebung einfügt.</li>



<li><strong>Investition in die Zukunft:</strong> Dank der fortschrittlichen ökologischen und technologischen Lösungen ist die Residence Maenia eine kluge Investition in Ihre Zukunft.</li>
</ul>



<p></p>
								</div>
				</div>
					</div>
				</div>
		<div class="elementor-element elementor-element-e655723 e-flex e-con-boxed e-con e-parent" data-id="e655723" data-element_type="container" data-e-type="container">
					<div class="e-con-inner">
				<div class="elementor-element elementor-element-5ccd9a6 elementor-widget elementor-widget-heading" data-id="5ccd9a6" data-element_type="widget" data-e-type="widget" data-widget_type="heading.default">
				<div class="elementor-widget-container">
					<h2 class="elementor-heading-title elementor-size-default">Aggiungi qui il testo del titolo</h2>				</div>
				</div>
					</div>
				</div>
		<div class="elementor-element elementor-element-658dade e-flex e-con-boxed e-con e-parent" data-id="658dade" data-element_type="container" data-e-type="container">
					<div class="e-con-inner">
				<div class="elementor-element elementor-element-daacc3e elementor-widget elementor-widget-heading" data-id="daacc3e" data-element_type="widget" data-e-type="widget" data-widget_type="heading.default">
				<div class="elementor-widget-container">
					<h2 class="elementor-heading-title elementor-size-default">Aggiungi qui il testo del titolo</h2>				</div>
				</div>
					</div>
				</div>
				</div>
